{"id":3386,"date":"2017-07-22T19:58:04","date_gmt":"2017-07-22T17:58:04","guid":{"rendered":"http:\/\/luko.info\/?post_type=portfolio&#038;p=3386"},"modified":"2017-07-23T15:43:22","modified_gmt":"2017-07-23T13:43:22","slug":"visuel-pour-voyage-2-cv-au-portugal","status":"publish","type":"portfolio","link":"https:\/\/luko.info\/?portfolio=visuel-pour-voyage-2-cv-au-portugal","title":{"rendered":"Visuel pour voyage 2 CV au Portugal"},"content":{"rendered":"<p>Visuel r\u00e9alis\u00e9 pour des \u00e9quipages lig\u00e9riens du Club des Amis de la 2 CV, participant \u00e0 la rencontre mondiale, \u00e0 Ericeira, au Portugal, du 26 au 31 juillet 2017.<br \/>\n(Visuel d\u00e9clin\u00e9 en plaques type \u00ab\u00a0rallye\u00a0\u00bb, cartes postales, magnets, T-shirts, bo\u00eetes \u00e0 biscuits&#8230;)<\/p>\n<p>Plus d&rsquo;infos sur le p\u00e9riple :<\/p>\n<p><a href=\"http:\/\/2cv2017.travelmap.net\/\" target=\"_blank\" rel=\"nofollow noopener\">2cv2017.travelmap.net<\/a><\/p>\n<p><a href=\"http:\/\/www.facebook.com\/voyage2cvPortugal2017\">http:\/\/www.facebook.com\/voyage2cvPortugal2017<\/a><\/p>\n","protected":false},"excerpt":{"rendered":"<p>Visuel r\u00e9alis\u00e9 pour des \u00e9quipages lig\u00e9riens du Club des Amis de la 2 CV, participant \u00e0 la rencontre mondiale, \u00e0 &hellip; <a class=\"kt-excerpt-readmore\" href=\"https:\/\/luko.info\/?portfolio=visuel-pour-voyage-2-cv-au-portugal\" aria-label=\"Visuel pour voyage 2 CV au Portugal\">Lire la suite<\/a><\/p>\n","protected":false},"author":1,"featured_media":3361,"menu_order":0,"comment_status":"open","ping_status":"closed","template":"","meta":{"jetpack_post_was_ever_published":false,"footnotes":"","jetpack_publicize_message":"","jetpack_publicize_feature_enabled":true,"jetpack_social_post_already_shared":true,"jetpack_social_options":{"image_generator_settings":{"template":"highway","default_image_id":0,"font":"","enabled":false},"version":2}},"portfolio-category":[],"portfolio-tag":[],"portfolio-type":[10,23],"class_list":["post-3386","portfolio","type-portfolio","status-publish","has-post-thumbnail","hentry","portfolio-type-dessin","portfolio-type-numerique"],"jetpack_publicize_connections":[],"jetpack_sharing_enabled":true,"_links":{"self":[{"href":"https:\/\/luko.info\/index.php?rest_route=\/wp\/v2\/portfolio\/3386","targetHints":{"allow":["GET"]}}],"collection":[{"href":"https:\/\/luko.info\/index.php?rest_route=\/wp\/v2\/portfolio"}],"about":[{"href":"https:\/\/luko.info\/index.php?rest_route=\/wp\/v2\/types\/portfolio"}],"author":[{"embeddable":true,"href":"https:\/\/luko.info\/index.php?rest_route=\/wp\/v2\/users\/1"}],"replies":[{"embeddable":true,"href":"https:\/\/luko.info\/index.php?rest_route=%2Fwp%2Fv2%2Fcomments&post=3386"}],"version-history":[{"count":8,"href":"https:\/\/luko.info\/index.php?rest_route=\/wp\/v2\/portfolio\/3386\/revisions"}],"predecessor-version":[{"id":3404,"href":"https:\/\/luko.info\/index.php?rest_route=\/wp\/v2\/portfolio\/3386\/revisions\/3404"}],"wp:featuredmedia":[{"embeddable":true,"href":"https:\/\/luko.info\/index.php?rest_route=\/wp\/v2\/media\/3361"}],"wp:attachment":[{"href":"https:\/\/luko.info\/index.php?rest_route=%2Fwp%2Fv2%2Fmedia&parent=3386"}],"wp:term":[{"taxonomy":"portfolio-category","embeddable":true,"href":"https:\/\/luko.info\/index.php?rest_route=%2Fwp%2Fv2%2Fportfolio-category&post=3386"},{"taxonomy":"portfolio-tag","embeddable":true,"href":"https:\/\/luko.info\/index.php?rest_route=%2Fwp%2Fv2%2Fportfolio-tag&post=3386"},{"taxonomy":"portfolio-type","embeddable":true,"href":"https:\/\/luko.info\/index.php?rest_route=%2Fwp%2Fv2%2Fportfolio-type&post=3386"}],"curies":[{"name":"wp","href":"https:\/\/api.w.org\/{rel}","templated":true}]}}

<p>Visuel réalisé pour des équipages ligériens du Club des Amis de la 2 CV, participant à la rencontre mondiale, à Ericeira, au Portugal, du 26 au 31 juillet 2017.<br />
(Visuel décliné en plaques type « rallye », cartes postales, magnets, T-shirts, boîtes à biscuits&#8230;)</p>
<p>Plus d&rsquo;infos sur le périple :</p>
<p><a href="http://2cv2017.travelmap.net/" target="_blank" rel="nofollow noopener">2cv2017.travelmap.net</a></p>
<p><a href="http://www.facebook.com/voyage2cvPortugal2017">http://www.facebook.com/voyage2cvPortugal2017</a></p>

<p>Visuel réalisé pour des équipages ligériens du Club des Amis de la 2 CV, participant à la rencontre mondiale, à &hellip; <a class="kt-excerpt-readmore" href="https://luko.info/?portfolio=visuel-pour-voyage-2-cv-au-portugal" aria-label="Visuel pour voyage 2 CV au Portugal">Lire la suite</a></p>
