{"id":1041,"date":"2015-08-06T11:09:12","date_gmt":"2015-08-06T09:09:12","guid":{"rendered":"http:\/\/luko.info\/?page_id=1041"},"modified":"2015-09-01T22:05:18","modified_gmt":"2015-09-01T20:05:18","slug":"du-cote-de-chez-vytautas-le-grand","status":"publish","type":"page","link":"http:\/\/luko.info\/?page_id=1041","title":{"rendered":"Du c\u00f4t\u00e9 de chez Vytautas le Grand"},"content":{"rendered":"<p>\u00c9dit\u00e9 par l&rsquo;association \u00ab\u00a0Passerelle France-Lituanie\u00a0\u00bb.<\/p>\n<p>3 illustrations \u00e0 l&rsquo;acrylique.<\/p>\n<p>L&rsquo;ouvrage est disponible sur demande<\/p>\n<p>&nbsp;<\/p>\n<p><a href=\"https:\/\/i0.wp.com\/luko.info\/wp-content\/uploads\/2015\/08\/SORCIERE.jpg\"><img data-recalc-dims=\"1\" loading=\"lazy\" decoding=\"async\" data-attachment-id=\"1033\" data-permalink=\"http:\/\/luko.info\/?attachment_id=1033\" data-orig-file=\"https:\/\/i0.wp.com\/luko.info\/wp-content\/uploads\/2015\/08\/LT.jpg?fit=591%2C894\" data-orig-size=\"591,894\" data-comments-opened=\"1\" data-image-meta=\"{&quot;aperture&quot;:&quot;0&quot;,&quot;credit&quot;:&quot;&quot;,&quot;camera&quot;:&quot;&quot;,&quot;caption&quot;:&quot;&quot;,&quot;created_timestamp&quot;:&quot;0&quot;,&quot;copyright&quot;:&quot;&quot;,&quot;focal_length&quot;:&quot;0&quot;,&quot;iso&quot;:&quot;0&quot;,&quot;shutter_speed&quot;:&quot;0&quot;,&quot;title&quot;:&quot;&quot;,&quot;orientation&quot;:&quot;0&quot;}\" data-image-title=\"LT\" data-image-description=\"\" data-image-caption=\"\" data-medium-file=\"https:\/\/i0.wp.com\/luko.info\/wp-content\/uploads\/2015\/08\/LT.jpg?fit=198%2C300\" data-large-file=\"https:\/\/i0.wp.com\/luko.info\/wp-content\/uploads\/2015\/08\/LT.jpg?fit=591%2C894\" class=\"alignnone  wp-image-1033\" src=\"https:\/\/i0.wp.com\/luko.info\/wp-content\/uploads\/2015\/08\/LT.jpg?resize=300%2C455\" alt=\"LT\" width=\"300\" height=\"455\" data-id=\"1033\" srcset=\"https:\/\/i0.wp.com\/luko.info\/wp-content\/uploads\/2015\/08\/LT.jpg?resize=198%2C300 198w, https:\/\/i0.wp.com\/luko.info\/wp-content\/uploads\/2015\/08\/LT.jpg?w=591 591w\" sizes=\"auto, (max-width: 300px) 100vw, 300px\" \/><img data-recalc-dims=\"1\" loading=\"lazy\" decoding=\"async\" data-attachment-id=\"1034\" data-permalink=\"http:\/\/luko.info\/?attachment_id=1034\" data-orig-file=\"https:\/\/i0.wp.com\/luko.info\/wp-content\/uploads\/2015\/08\/SORCIERE.jpg?fit=591%2C591\" data-orig-size=\"591,591\" data-comments-opened=\"1\" data-image-meta=\"{&quot;aperture&quot;:&quot;0&quot;,&quot;credit&quot;:&quot;&quot;,&quot;camera&quot;:&quot;&quot;,&quot;caption&quot;:&quot;&quot;,&quot;created_timestamp&quot;:&quot;0&quot;,&quot;copyright&quot;:&quot;&quot;,&quot;focal_length&quot;:&quot;0&quot;,&quot;iso&quot;:&quot;0&quot;,&quot;shutter_speed&quot;:&quot;0&quot;,&quot;title&quot;:&quot;&quot;,&quot;orientation&quot;:&quot;0&quot;}\" data-image-title=\"SORCIERE\" data-image-description=\"\" data-image-caption=\"\" data-medium-file=\"https:\/\/i0.wp.com\/luko.info\/wp-content\/uploads\/2015\/08\/SORCIERE.jpg?fit=300%2C300\" data-large-file=\"https:\/\/i0.wp.com\/luko.info\/wp-content\/uploads\/2015\/08\/SORCIERE.jpg?fit=591%2C591\" class=\"alignnone  wp-image-1034\" src=\"https:\/\/i0.wp.com\/luko.info\/wp-content\/uploads\/2015\/08\/SORCIERE.jpg?resize=300%2C300\" alt=\"SORCIERE\" width=\"300\" height=\"300\" data-id=\"1034\" srcset=\"https:\/\/i0.wp.com\/luko.info\/wp-content\/uploads\/2015\/08\/SORCIERE.jpg?resize=300%2C300 300w, https:\/\/i0.wp.com\/luko.info\/wp-content\/uploads\/2015\/08\/SORCIERE.jpg?resize=150%2C150 150w, https:\/\/i0.wp.com\/luko.info\/wp-content\/uploads\/2015\/08\/SORCIERE.jpg?resize=100%2C100 100w, https:\/\/i0.wp.com\/luko.info\/wp-content\/uploads\/2015\/08\/SORCIERE.jpg?w=591 591w\" sizes=\"auto, (max-width: 300px) 100vw, 300px\" \/><\/a> \u00a0<a href=\"https:\/\/i0.wp.com\/luko.info\/wp-content\/uploads\/2015\/08\/OISEAU.jpg\"><img data-recalc-dims=\"1\" loading=\"lazy\" decoding=\"async\" data-attachment-id=\"1032\" data-permalink=\"http:\/\/luko.info\/?attachment_id=1032\" data-orig-file=\"https:\/\/i0.wp.com\/luko.info\/wp-content\/uploads\/2015\/08\/OISEAU.jpg?fit=591%2C591\" data-orig-size=\"591,591\" data-comments-opened=\"1\" data-image-meta=\"{&quot;aperture&quot;:&quot;0&quot;,&quot;credit&quot;:&quot;&quot;,&quot;camera&quot;:&quot;&quot;,&quot;caption&quot;:&quot;&quot;,&quot;created_timestamp&quot;:&quot;0&quot;,&quot;copyright&quot;:&quot;&quot;,&quot;focal_length&quot;:&quot;0&quot;,&quot;iso&quot;:&quot;0&quot;,&quot;shutter_speed&quot;:&quot;0&quot;,&quot;title&quot;:&quot;&quot;,&quot;orientation&quot;:&quot;0&quot;}\" data-image-title=\"OISEAU\" data-image-description=\"\" data-image-caption=\"\" data-medium-file=\"https:\/\/i0.wp.com\/luko.info\/wp-content\/uploads\/2015\/08\/OISEAU.jpg?fit=300%2C300\" data-large-file=\"https:\/\/i0.wp.com\/luko.info\/wp-content\/uploads\/2015\/08\/OISEAU.jpg?fit=591%2C591\" class=\"alignnone  wp-image-1032\" src=\"https:\/\/i0.wp.com\/luko.info\/wp-content\/uploads\/2015\/08\/OISEAU.jpg?resize=300%2C300\" alt=\"OISEAU\" width=\"300\" height=\"300\" data-id=\"1032\" srcset=\"https:\/\/i0.wp.com\/luko.info\/wp-content\/uploads\/2015\/08\/OISEAU.jpg?resize=300%2C300 300w, https:\/\/i0.wp.com\/luko.info\/wp-content\/uploads\/2015\/08\/OISEAU.jpg?resize=150%2C150 150w, https:\/\/i0.wp.com\/luko.info\/wp-content\/uploads\/2015\/08\/OISEAU.jpg?resize=100%2C100 100w, https:\/\/i0.wp.com\/luko.info\/wp-content\/uploads\/2015\/08\/OISEAU.jpg?w=591 591w\" sizes=\"auto, (max-width: 300px) 100vw, 300px\" \/><\/a> <a href=\"https:\/\/i0.wp.com\/luko.info\/wp-content\/uploads\/2015\/08\/LOUP.jpg\"><img data-recalc-dims=\"1\" loading=\"lazy\" decoding=\"async\" data-attachment-id=\"1031\" data-permalink=\"http:\/\/luko.info\/?attachment_id=1031\" data-orig-file=\"https:\/\/i0.wp.com\/luko.info\/wp-content\/uploads\/2015\/08\/LOUP.jpg?fit=591%2C770\" data-orig-size=\"591,770\" data-comments-opened=\"1\" data-image-meta=\"{&quot;aperture&quot;:&quot;0&quot;,&quot;credit&quot;:&quot;&quot;,&quot;camera&quot;:&quot;&quot;,&quot;caption&quot;:&quot;&quot;,&quot;created_timestamp&quot;:&quot;0&quot;,&quot;copyright&quot;:&quot;&quot;,&quot;focal_length&quot;:&quot;0&quot;,&quot;iso&quot;:&quot;0&quot;,&quot;shutter_speed&quot;:&quot;0&quot;,&quot;title&quot;:&quot;&quot;,&quot;orientation&quot;:&quot;0&quot;}\" data-image-title=\"LOUP\" data-image-description=\"\" data-image-caption=\"\" data-medium-file=\"https:\/\/i0.wp.com\/luko.info\/wp-content\/uploads\/2015\/08\/LOUP.jpg?fit=230%2C300\" data-large-file=\"https:\/\/i0.wp.com\/luko.info\/wp-content\/uploads\/2015\/08\/LOUP.jpg?fit=591%2C770\" class=\"alignnone  wp-image-1031\" src=\"https:\/\/i0.wp.com\/luko.info\/wp-content\/uploads\/2015\/08\/LOUP.jpg?resize=300%2C391\" alt=\"LOUP\" width=\"300\" height=\"391\" data-id=\"1031\" srcset=\"https:\/\/i0.wp.com\/luko.info\/wp-content\/uploads\/2015\/08\/LOUP.jpg?resize=230%2C300 230w, https:\/\/i0.wp.com\/luko.info\/wp-content\/uploads\/2015\/08\/LOUP.jpg?w=591 591w\" sizes=\"auto, (max-width: 300px) 100vw, 300px\" \/><\/a><\/p>\n","protected":false},"excerpt":{"rendered":"<p>\u00c9dit\u00e9 par l&rsquo;association \u00ab\u00a0Passerelle France-Lituanie\u00a0\u00bb. 3 illustrations \u00e0 l&rsquo;acrylique. L&rsquo;ouvrage est disponible sur demande &nbsp; \u00a0<\/p>\n","protected":false},"author":1,"featured_media":0,"parent":0,"menu_order":0,"comment_status":"open","ping_status":"open","template":"","meta":{"jetpack_post_was_ever_published":false,"footnotes":""},"class_list":["post-1041","page","type-page","status-publish","hentry"],"jetpack_sharing_enabled":false,"jetpack_shortlink":"https:\/\/wp.me\/P6mY0T-gN","_links":{"self":[{"href":"http:\/\/luko.info\/index.php?rest_route=\/wp\/v2\/pages\/1041","targetHints":{"allow":["GET"]}}],"collection":[{"href":"http:\/\/luko.info\/index.php?rest_route=\/wp\/v2\/pages"}],"about":[{"href":"http:\/\/luko.info\/index.php?rest_route=\/wp\/v2\/types\/page"}],"author":[{"embeddable":true,"href":"http:\/\/luko.info\/index.php?rest_route=\/wp\/v2\/users\/1"}],"replies":[{"embeddable":true,"href":"http:\/\/luko.info\/index.php?rest_route=%2Fwp%2Fv2%2Fcomments&post=1041"}],"version-history":[{"count":5,"href":"http:\/\/luko.info\/index.php?rest_route=\/wp\/v2\/pages\/1041\/revisions"}],"predecessor-version":[{"id":1245,"href":"http:\/\/luko.info\/index.php?rest_route=\/wp\/v2\/pages\/1041\/revisions\/1245"}],"wp:attachment":[{"href":"http:\/\/luko.info\/index.php?rest_route=%2Fwp%2Fv2%2Fmedia&parent=1041"}],"curies":[{"name":"wp","href":"https:\/\/api.w.org\/{rel}","templated":true}]}}